{"id":24,"date":"2012-03-13T20:53:10","date_gmt":"2012-03-13T19:53:10","guid":{"rendered":"http:\/\/blog.axelheimken.de\/?page_id=24"},"modified":"2014-08-28T14:42:06","modified_gmt":"2014-08-28T13:42:06","slug":"blog-projekt","status":"publish","type":"page","link":"https:\/\/blog.axelheimken.de\/?page_id=24","title":{"rendered":"Blog-Projekt"},"content":{"rendered":"<p>Dieser Blog ist die sehr pers\u00f6nliche Besch\u00e4ftigung mit meinem Einsatz als <a title=\"Embedded Journalists\" href=\"http:\/\/de.wikipedia.org\/wiki\/Embedded_Journalist\" target=\"_blank\">Embedded Journalist<\/a> beim Einsatz der 172. Infantry Brigade der US-Army und bei der Begleitung von Einheiten der Bundeswehr in Afghanistan. Die Gr\u00fcnde f\u00fcr einen Blog aus einem Kriegs- und Krisengebiet sind<\/p>\n<ul>\n<li>Dokumentation der Vorbereitungen und Durchf\u00fchrung meines zweiten fotojournalistischen Einsatzes in Afghanistan (die Doku \u00fcber den ersten Einsatz findet ihr <a title=\"Alter Blog\" href=\"http:\/\/blog.axelheimken.de\/archiv\/\">hier<\/a>)<\/li>\n<li>Die M\u00f6glichkeit f\u00fcr Aussenstehende, Freunde, Familie, Kollegen und Interessierte den gesamten Einsatz durch ein Tagebuch mitzuverfolgen.<\/li>\n<li>M\u00f6glichkeit des Festhaltens der unz\u00e4hligen Eindr\u00fccke in einer Art elektronischem Notizbuch &#8211; es f\u00e4llt mir pers\u00f6nlich leichter, Erlebtes noch einmal aufzuschreiben, um f\u00fcr mich selbst Geschehenes noch einmal zu &#8222;Durchdenken&#8220;.<\/li>\n<li>Den Nicht-Journalistischen Themen und pers\u00f6nlichen Ansichten eine Plattform zu geben &#8211; alles, was ich schreibe erhebt keinen Anspruch auf Objektivit\u00e4t sondern ist eine rein subjektive Sichtweise.<\/li>\n<li>\u201cErforschung\u201d der Erweiterbarkeit von medialen M\u00f6glichkeiten und Darstellungsformen in meinem Beruf als Fotograf<\/li>\n<li>Die M\u00f6glichkeit, zeitnah Bilder vom Einsatzort schnell zur Verf\u00fcgung zu stellen<\/li>\n<\/ul>\n<p>Die Idee zu diesem und dem ersten Blog stammt eigentlich von meinem Partner, Freund und Kollegen John Dyfed Loesche, der mich die Vorbereitung und den gesamten Einsatz \u00fcber als Redakteur begleitet und selbst testweise schon mit einem Blog experimentiert hat. Diese ersten Tests haben mich dazu gebracht, die Idee aufzunehmen und es selbst mit dem \u201cBloggen\u201d zu versuchen.<\/p>\n<p>Gleichzeitig hoffe ich, denen mit diesem Blog Respekt zu zollen und Danke zu sagen, die mir auf dem Weg nach Afghanistan, bei der Vorbereitung und beim Embed in Afghanistan eine gro\u00dfe Hilfe, gute Ratgeber, gute Freunde, und stete Inspirationsquelle waren und ohne die ich diese Aufgabe niemals bew\u00e4ltigen k\u00f6nnte. Ich danke meiner Familie, meinen Freunden und Kollegen:<\/p>\n<p>John Dyfed Loesche<br \/>\nAndre Spangenberg<br \/>\nSebastian Junger<br \/>\nTim Hetherington<br \/>\nHauptmann Timo Wirtz<br \/>\nMajor Joseph Buccino<br \/>\nCaptain James Perkins<br \/>\nLieutenant Colonel Curtis Taylor<br \/>\nALL Soldiers of Apache 2-28 \u2013 the best damn infantry co. in the world<br \/>\nThe Soldiers of 172D Infantry Brigade<br \/>\nMarcus Brandt<br \/>\nFabian Bimmer<br \/>\nMorris MacMatzen<br \/>\nMauritio Gambarini<br \/>\nAngelika Warmuth<br \/>\nDirk von Borstel<br \/>\nAlex Becher<br \/>\nOliver Lang<br \/>\nPhilipp Guelland<br \/>\nJan Van de Vyle<br \/>\nSteffen Lilie<br \/>\nKlaus Fiekens<br \/>\nEdith, Julian &amp; Luisa Kruse<br \/>\nMarko, Nisha, Lara &amp; Leon Heimken<br \/>\nallen Fotografen und Deskern der <a title=\"dapd\" href=\"http:\/\/www.dapd.de\/\" target=\"_blank\">dapd<\/a> nachrichten<\/p>\n","protected":false},"excerpt":{"rendered":"<p>Dieser Blog ist die sehr pers\u00f6nliche Besch\u00e4ftigung mit meinem Einsatz als Embedded Journalist beim Einsatz der 172. Infantry Brigade der US-Army und bei der Begleitung von Einheiten der Bundeswehr in Afghanistan. Die Gr\u00fcnde f\u00fcr einen Blog aus einem Kriegs- und &hellip; <a href=\"https:\/\/blog.axelheimken.de\/?page_id=24\">Weiterlesen <span class=\"meta-nav\">&rarr;<\/span><\/a><\/p>\n","protected":false},"author":2,"featured_media":0,"parent":0,"menu_order":0,"comment_status":"closed","ping_status":"closed","template":"","meta":{"ngg_post_thumbnail":0,"footnotes":""},"class_list":["post-24","page","type-page","status-publish","hentry"],"_links":{"self":[{"href":"https:\/\/blog.axelheimken.de\/index.php?rest_route=\/wp\/v2\/pages\/24","targetHints":{"allow":["GET"]}}],"collection":[{"href":"https:\/\/blog.axelheimken.de\/index.php?rest_route=\/wp\/v2\/pages"}],"about":[{"href":"https:\/\/blog.axelheimken.de\/index.php?rest_route=\/wp\/v2\/types\/page"}],"author":[{"embeddable":true,"href":"https:\/\/blog.axelheimken.de\/index.php?rest_route=\/wp\/v2\/users\/2"}],"replies":[{"embeddable":true,"href":"https:\/\/blog.axelheimken.de\/index.php?rest_route=%2Fwp%2Fv2%2Fcomments&post=24"}],"version-history":[{"count":20,"href":"https:\/\/blog.axelheimken.de\/index.php?rest_route=\/wp\/v2\/pages\/24\/revisions"}],"predecessor-version":[{"id":334,"href":"https:\/\/blog.axelheimken.de\/index.php?rest_route=\/wp\/v2\/pages\/24\/revisions\/334"}],"wp:attachment":[{"href":"https:\/\/blog.axelheimken.de\/index.php?rest_route=%2Fwp%2Fv2%2Fmedia&parent=24"}],"curies":[{"name":"wp","href":"https:\/\/api.w.org\/{rel}","templated":true}]}}